 prime factors of v?
13
Let l(o) = 6*o - 1 + o**2 - 22*o**3 - 6*o. Let w be l(-1). Suppose 0 = z - 5*f - 25, -3*f + 6*f = 2*z - w. What are the prime factors of z?
5
Suppose -8 = -r + 1. What are the prime factors of r?
3
Let d(w) = w - 1. Let k(l) = -2*l + 2. Let a(r) = 9*d(r) + 4*k(r). Let f be a(3). Suppose 2*z + 12 = f*u, 2*u - 6*u = -z - 24. List the prime factors of u.
2, 3
Suppose -2*q - 2 = -4*i + 4, 3*i - 15 = -2*q. Suppose 0 = 2*s - i - 5. Suppose s*x + x - 25 = 0. List the prime factors of x.
5
Let r be (4/2)/(2/2). Let u be (1/3)/(r/6). List the prime factors of u*(-15)/(-6)*2.
5
Let j(s) = -6*s**3 + 12*s**2 + 4*s - 8. Let c(w) = -w**3 + w**2 - w - 1. Let y(z) = -5*c(z) + j(z). What are the prime factors of y(8)?
5
What are the prime factors of 4/24 + 2985/18?
2, 83
Let z(m) = -m**2 - 11*m - 11. Let t be z(-8). Suppose 2*x + w = 13 - 4, 4*x - t = -w. What are the prime factors of x?
2
Let s(m) = 13*m + 2. Let p be s(2). Suppose 3*u = u + p. List the prime factors of u.
2, 7
Let d = 18 + 14. What are the prime factors of d?
2
Suppose 9*r = 1214 + 91. What are the prime factors of r?
5, 29
Let i(v) = 18*v - 32. List the prime factors of i(9).
2, 5, 13
Let d = 132 - 94. List the prime factors of (-2)/4*-1*d.
19
Let i be (12/21)/(3/21). What are the prime factors of 2 - (-25 - i/(-4))?
2, 13
Let o(r) be the first derivative of -r**3/3 + r**2/2 + 9*r + 3. What are the prime factors of o(0)?
3
Suppose -1 - 1 = -a + 2*n, 2*a = 3*n + 5. Suppose z + a*z = -90. What are the prime factors of 20/3 - z/(-27)?
2, 3
Let g = -7 - -9. What are the prime factors of g?
2
Suppose -12*r + 120 = -7*r. What are the prime factors of r?
2, 3
Let a(n) = n**3 + 9*n**2 + 6*n - 9. What are the prime factors of a(-8)?
7
Let z = -73 + 135. Suppose 42 = 2*g - z. Suppose 5*r + 3*p = 49, 5*r - g = -0*r - 4*p. What are the prime factors of r?
2
Suppose -4*g + 0*g + 16 = 0. Suppose g*l - 5*p = -0*p + 42, -p + 67 = 5*l. What are the prime factors of l?
13
Suppose -2*j + 86 = 22. What are the prime factors of j?
2
Let l(t) = t**2 - 2*t + 1. Let h be (-9)/6 - 45/10. What are the prime factors of l(h)?
7
Let t(c) = c**3 + c**2 + 1. Let w(d) = -8*d**3 - 3*d**2 - d - 5. Let u(s) = -6*t(s) - w(s). List the prime factors of u(2).
5
Let r(v) = 5*v**2 - v - 3. Let k be r(-3). What are the prime factors of 12*(-3 + k/12)?
3
Let r(z) = -z**2 - z + 2. Let l = 5 + -3. Let h be r(l). Let y(d) = -3*d + 5. What are the prime factors of y(h)?
17
Suppose -5*z = 2 + 3. Let b = z + 0. List the prime factors of b/4 - 41/(-4).
2, 5
Let h(s) = -2*s**3 - s - 1. Let g be h(-1). Suppose 0 = -0*i + i + g. List the prime factors of (2/1)/((-1)/i).
2
Let d = -41 - -153. Suppose -2*o = -4*o + d. What are the prime factors of o?
2, 7
Let z(x) be the first derivative of -x**4/4 + 3*x**3 + x**2 - 13*x + 3. List the prime factors of z(9).
5
Suppose -m = -6 + 4. Let n = m - 4. What are the prime factors of 1 - (n + 2) - -7?
2
Let r(d) = -d**2 - 9*d + 7. Let l be r(-5). List the prime factors of 2 + 6/3 + l.
31
Let p = -3 - -4. What are the prime factors of (p - -5)*(-1)/(-3)?
2
Let d be 6/(-2*(1 - 0)). Let f(c) = c**3 + 4*c**2 - 3. What are the prime factors of f(d)?
2, 3
Let m(x) = 2*x**2 - 2*x + 71. What are the prime factors of m(0)?
71
What are the prime factors of 5/5*8*(-17)/(-2)?
2, 17
Let i = -10 - -73. What are the prime factors of i?
3, 7
Let v(i) = -i - 4. Let l be v(-4). Let f(m) = m**2 + 56. Let s be f(l). Suppose -5*q - 3*x + 47 = -1, x - s = -5*q. What are the prime factors of q?
2, 3
Suppose 3*f - 2*f = -84. What are the prime factors of 20/(-8)*f/15?
2, 7
Let t = 226 + -86. Suppose -t = -3*g - 2. List the prime factors of g.
2, 23
Let m(w) = 5*w**3 - w. Let c be m(2). Suppose c = 5*a + 4*j, -2*a = a + 2*j - 22. List the prime factors of a.
2, 3
Let r = -1 - -1. Let m = r + 20. Suppose -m = -3*g - 5*k, -g - 3*k = g - 14. What are the prime factors of g?
2, 5
Suppose -2*x + 5 = 7. Let u(t) = -9*t**3 - 2*t - 1. What are the prime factors of u(x)?
2, 5
Let s be (8/6)/(4/(-36)). Let p = s - -22. What are the prime factors of p?
2, 5
Let n(b) = 6*b + 16. List the prime factors of n(9).
2, 5, 7
Let k(w) = -w - 2*w**2 - w**3 - 4*w - 1 + 0*w**2 - 3*w**2. What are the prime factors of k(-4)?
3
Let q(p) = p - 1. Let o(a) = -1. Let i(n) = 4*o(n) - 4*q(n). Suppose 5*x - 1 = -6. List the prime factors of i(x).
2
Suppose -3*j + 50 = -22. Suppose -3*r + 2*r = -j. What are the prime factors of r?
2, 3
What are the prime factors of 140/3 - (-24)/(-36)?
2, 23
Let p(g) = 0*g**2 + 4*g**2 - 10 + 4*g - 3*g**2 + 2*g. List the prime factors of p(-8).
2, 3
Let z(s) = -s. Let j(h) = -7*h - 1. Let v be j(-1). Let o be z(v). Let u = o + 8. List the prime factors of u.
2
Let h = 15 + 1. Suppose -2*r + 6 = 0, g - 4*r + r = -h. Let v = g + 9. List the prime factors of v.
2
Let y be (-3 - 0)/(-5 + 4). Suppose 222 = 5*p - 2*s, 0 = y*p - 2*s + 4 - 138. List the prime factors of p.
2, 11
Let n(f) = 1 - 8*f - 5 + 4*f**2 - 3*f**2 - 4. Let t be n(9). What are the prime factors of 8 + -2 + (t - 3)?
2
Let a be -2 - 0/(-1) - -20. Let f be 94/a + 2/(-9). Suppose f = -3*k + 23. What are the prime factors of k?
2, 3
Let v(b) = -b**3 - 4*b**2 + 4*b. Let l be v(-5). Suppose -3*s = -w + 6, w - l*w + 24 = -4*s. Let d = w + 0. List the prime factors of d.
2, 3
What are the prime factors of (-133)/(-14)*2/1?
19
Let o be (0 - (-3)/3)*5. Let g(w) = -o*w + 3*w + 3*w**2 + w + 5*w**2. List the prime factors of g(1).
7
Suppose 3*r = 3*c - 240, -c - 4*r + 60 = -r. What are the prime factors of c?
3, 5
Suppose 2*l + u = 60, -4*l - 2*u + 151 = l. What are the prime factors of l?
31
Let c(d) = 2*d - 2*d + d + 8. Let s be c(-5). Suppose s*p = j + 28, 0 = -4*j + 3*j + 2. What are the prime factors of p?
2, 5
Let k = 68 - -9. List the prime factors of k.
7, 11
Let k(p) = p**3 - 5*p**2 + 5. List the prime factors of k(6).
41
Let d be ((-1)/(-3))/((-6)/(-36)). Suppose d*n - 7 = 19. List the prime factors of n.
13
Let x(t) = -8*t**2 + 3*t + 9. Let f(d) = -d**2 + 1. Let w(z) = 6*f(z) - x(z). What are the prime factors of w(-3)?
2, 3
Let x be (0 - -4)*6*2. Suppose -2*h - 2*h + x = 0. What are the prime factors of h?
2, 3
Suppose 3*d = 12, 2*w - 388 = -d - 4*d. Suppose 3*f - 19 + w = 5*o, o = 4*f + 50. What are the prime factors of o?
2, 3, 5
Let l(j) be the third derivative of -j**6/120 + j**5/20 + j**3/3 + j**2. Let r be l(3). List the prime factors of 5 - (0/1 + r).
3
Suppose m - 592 = -5*h, -h + 3*m = -2*m - 108. Suppose -2*k + 4*f = -h, 2*f = 4*k - 2*f - 216. What are the prime factors of k?
7
Suppose 2*p - 2*q = 2*q + 4, q = -3*p + 34. Suppose 0 = z - 2*z + 4*s + 10, 3*z = 2*s + p. Suppose c - z*c = -2. List the prime factors of c.
2
Let g be ((-40)/(-32))/((-2)/(-56)). Suppose -g = -3*l - 4*n, -l + 0 = 2*n - 9. List the prime factors of l.
17
Let u = -73 + 77. What are the prime factors of u?
2
List the prime factors of (-12 - -10)/(1/(-39)).
2, 3, 13
Suppose 2*r + o = -o + 18, 0 = 5*o - 5. Suppose 7 + r = 3*g. Suppose -g*j + 16 = -3*f, j - 12 = 3*f - 4. What are the prime factors of j?
2
Let n = 6 + 15. Let u = n + -17. What are the prime factors of u?
2
Let r = 42 - 29. List the prime factors of r.
13
Let u(x) = -x**3 + 11*x**2 - 11*x + 23. What are the prime factors of u(7)?
2, 71
Let b(v) = -v**3 + 3*v**2 + 2*v - 1. Suppose 4 = 3*i - 5*g, 3*g = -i - 4*i + 18. Let p be b(i). Suppose 0 = -3*k + 4 + p. What are the prime factors of k?
3
Suppose -37 - 148 = -5*d. Let r = d - 21. List the prime factors of r.
2
Let a(d) = 4*d**2 - 1. Let n be a(1). Suppose -4*f - 3*c + 5 = 0, -4*c - 9 - n = -4*f. What are the prime factors of f?
2
Let a = 86 - 61. List the prime factors of a.
5
Let b(m) = -m + 25. Let i(l) = -1. Let q(j) = -j**2 - 9. Let v(u) = -2*i(u) - q(u). Let f be v(0). What are the prime factors of b(f)?
2, 7
Let t be 21/6 - (-2)/(-4). Suppose -4 = t*l - 4*l. List the prime factors of l.
2
Let c(v) = -v. Let q be c(0). Suppose z + 4*n = -q*n + 14, 4*z + 5*n - 45 = 0. What are the prime factors of z?
2, 5
Let r = 6 - 3. Suppose -r*w + m = 4*m - 180, -4*w - m = -228. List the prime factors of (-8)/36 - w/(-9).
2, 3
Let q be 86/6 + (-1)/3. Let n = -74 - -11. List the prime factors of (24/q)/((-6)/n).
2, 3
Let n = -228 + 406. What are the pri